y - 42571. What is o(35)?
304
Let n(y) = 5*y**3 + 1460*y**2 - 3*y - 628. Determine n(-292).
248
Let c(a) = 68*a**2 + 5638*a - 493. Determine c(-83).
5
Let g(s) = -s**2 + 8035*s - 56209. Calculate g(7).
-13
Let u(c) = -13*c**2 + 238*c + 1126. Determine u(-4).
-34
Let a(d) = -228*d - 1989. Give a(-9).
63
Let n(m) = -m**3 + 191*m**2 + 11459*m + 3176. Give n(239).
69
Let h(u) = u**3 + 15*u**2 + 13*u - 47. Calculate h(-14).
-33
Let o(t) = 1882*t - 175016. What is o(93)?
10
Let j(z) = z**3 - 8*z**2 + 68*z - 9. What is j(10)?
871
Let p(r) = -701*r**2 - 120*r - 11. Give p(-2).
-2575
Let o(j) = -1197*j - 193370. Determine o(-160).
-1850
Let k(w) = 7*w**3 - 173*w**2 + 8*w - 742. Give k(25).
708
Let s(k) = 2187*k + 30605. Determine s(-14).
-13
Let n(z) = -4*z**2 + 9589*z + 232409. What is n(-24)?
-31
Let h(j) = 501*j + 521. Determine h(1).
1022
Let a(x) = 10*x**2 - 395*x - 4523. Determine a(-11).
1032
Let j(f) = -f**3 + 116*f**2 - 1760*f - 405. Calculate j(98).
-13
Let a(g) = -2*g**3 - 2*g**2 + 410*g + 160. Determine a(14).
20
Let n(u) = -u**2 - 28*u + 737. Give n(28).
-831
Let z(q) = 54*q**2 + 3160*q + 140. What is z(-58)?
-1484
Let j(h) = -73259*h - 7912014. Give j(-108).
-42
Let h(f) = f**3 - 868*f**2 + 111*f - 96351. What is h(868)?
-3
Let t(d) = -7*d**2 + 451*d - 4581. Calculate t(10).
-771
Let n(u) = 72*u**2 - 342*u - 6571. What is n(12)?
-307
Let b(n) = 195023*n - 195016. Give b(1).
7
Let l(a) = 11286*a - 225737. Determine l(20).
-17
Let r(o) = -2589*o + 74800. What is r(29)?
-281
Let g(o) = 17*o**2 - 2833*o + 4616. What is g(165)?
-4
Let h(i) = -9*i - 777. Calculate h(-94).
69
Let y(i) = i**3 - 14*i**2 + 400*i - 3200. Calculate y(9).
-5
Let g(l) = 447*l**2 + 76*l - 35. Calculate g(-2).
1601
Let d(x) = -x**3 + 25*x**2 + 92*x - 122. What is d(13)?
3102
Let g(m) = 5*m**3 + 28*m**2 - 147*m - 552. Give g(-3).
6
Let w(s) = 3197*s + 115167. Calculate w(-36).
75
Let m(k) = -306895*k + 3069043. What is m(10)?
93
Let i(f) = -f**3 + 13*f**2 - 3177*f + 31683. Give i(10).
213
Let u(x) = -2*x**3 - 166*x**2 - 353*x - 2333. What is u(-81)?
16
Let t(p) = 118*p**3 - 28*p**2 - 61*p + 8. Give t(-3).
-3247
Let b(s) = 16*s**3 + 86*s**2 - 602*s - 730. Give b(-9).
-10
Let i(v) = -238*v - 22820. Calculate i(-95).
-210
Let o(v) = 2*v**3 + 11*v**2 - 31*v - 70. Give o(-6).
80
Let w(k) = 101*k**2 + 571*k - 978. What is w(-7)?
-26
Let s(b) = b**2 + 618*b - 86870. Calculate s(118).
-22
Let d(q) = 378*q - 290. Calculate d(1).
88
Let u(y) = -3*y**2 - 99*y - 96. What is u(-17)?
720
Let o(x) = -172*x**3 - 5313*x**2 + 6114*x + 78. Calculate o(-32).
14
Let c(w) = -95*w - 4697. Calculate c(-34).
-1467
Let l(r) = r**2 - 452*r + 31197. What is l(85)?
2
Let h(g) = -376*g + 13218. What is h(38)?
-1070
Let c(i) = -198*i**2 - 26*i + 44. What is c(-3)?
-1660
Let q(j) = j**3 - 8*j**2 + 15*j - 1. Calculate q(12).
755
Let k(y) = 13391*y - 816811. What is k(61)?
40
Let n(y) = -y**2 + 13*y - 139. What is n(14)?
-153
Let n(i) = 3698*i + 44408. What is n(-12)?
32
Let s(z) = 7*z**2 + 1676*z - 4155. Determine s(-242).
201
Let y(s) = -11*s**2 - 40*s + 142. What is y(-14)?
-1454
Let f(t) = -t**3 - 91*t**2 - 2040*t. Determine f(-51).
0
Let c(m) = 7643*m**2 - 76435*m + 47. Give c(10).
-3
Let w(j) = -2*j**3 + 86*j**2 - 86*j + 129. Give w(42).
45
Let m(w) = -3*w**3 - 568*w**2 - 1301*w + 1456. What is m(-187)?
-40
Let v(f) = -f**3 + 10*f**2 + 150*f - 2714. Determine v(0).
-2714
Let g(t) = -450*t - 103288. Determine g(-227).
-1138
Let t(l) = 147*l - 1270. Calculate t(8).
-94
Let h(m) = -14*m**2 + 71*m + 108. Calculate h(7).
-81
Let d(t) = 6*t**2 - 252*t + 2635. Determine d(22).
-5
Let g(w) = -10*w**2 - 6142*w - 79326. Determine g(-601).
6
Let i(o) = 121243*o - 2909857. Give i(24).
-25
Let v(r) = 120*r + 1384. Give v(-10).
184
Let k(d) = -14678*d - 557761. Give k(-38).
3
Let f(i) = 80*i**2 - 1823*i + 732. Give f(22).
-654
Let g(s) = -640*s + 45575. Determine g(71).
135
Let z(y) = 121*y + 214. Determine z(1).
335
Let r(y) = 30*y**2 + 256*y + 486. What is r(-6)?
30
Let j(z) = -213*z - 348. Determine j(-2).
78
Let w(c) = -2*c**3 + 20*c**2 + 42*c - 168. What is w(10)?
252
Let y(p) = 6*p**3 + 19*p**2 + 54*p - 409. What is y(5)?
1086
Let o(n) = -2920*n + 300675. Give o(103).
-85
Let o(t) = 324*t + 2480. Determine o(-8).
-112
Let a(s) = -s**2 - 25970*s - 103899. Give a(-4).
-35
Let h(o) = -134*o + 1365. What is h(-9)?
2571
Let x(b) = 6735*b + 2094474. Calculate x(-311).
-111
Let c(r) = 17*r**2 + 2392*r + 1697. What is c(-140)?
17
Let k(v) = v**2 + 398*v - 15742. Determine k(36).
-118
Let y(r) = 206*r**2 - 8867*r + 142. Determine y(43).
-245
Let d(a) = -a**2 + 15260*a - 122018. Calculate d(8).
-2
Let a(u) = -58*u - 7361. What is a(-136)?
527
Let l(d) = -2*d**3 + 367*d**2 + 2284*d - 386390. What is l(184)?
10
Let u(o) = 600*o - 11230. Calculate u(19).
170
Let l(n) = -416*n**2 - 1252*n - 14. Give l(-3).
-2
Let h(m) = -70265*m + 491819. Calculate h(7).
-36
Let y(v) = -2358*v + 15531. Give y(7).
-975
Let r(w) = w**3 - 143*w**2 - 162*w - 18540. Give r(145).
20
Let w(a) = -1018*a - 122159. What is w(-120)?
1
Let v(j) = -9*j**2 - 615*j - 10280. Determine v(-31).
136
Let m(k) = -2*k**3 + 200*k**2 - 188*k - 959. Determine m(99).
31
Let b(r) = r**3 - 5*r**2 - 126*r - 7. What is b(14)?
-7
Let p(a) = -4541*a - 1330495. Calculate p(-293).
18
Let q(p) = -1173*p + 14660. Calculate q(11).
1757
Let o(x) = -7*x**3 + 2550*x**2 - 3268*x + 664. What is o(363)?
301
Let p(q) = 59*q + 3743. Calculate p(-54).
557
Let n(w) = -2*w**3 + 631*w**2 - 6403*w - 610. Give n(305).
0
Let d(p) = 1134*p + 210756. Calculate d(-186).
-168
Let c(y) = y**3 + 575*y**2 - 311098*y + 1835. Calculate c(-915).
5
Let n(w) = 984*w - 157371. What is n(160)?
69
Let v(x) = 420783*x + 2103895. Give v(-5).
-20
Let v(j) = 855*j - 7103. Calculate v(9).
592
Let c(x) = -x**3 + 11*x**2 + 5957*x - 29776. What is c(5)?
159
Let h(f) = -84*f - 10709. Determine h(-132).
379
Let v(b) = -b**3 - 187*b**2 + 13*b + 2365. What is v(-187)?
-66
Let p(i) = i**3 - 20*i**2 + 387*i - 6534. Determine p(17).
-822
Let m(k) = 27*k**2 + 355*k - 9. Calculate m(-13).
-61
Let w(a) = a**2 + 411*a - 3396. What is w(8)?
-44
Let v(h) = h**3 + 21*h**2 - 107*h - 91. Determine v(-26).
-689
Let f(j) = 155687*j + 14167521. Calculate f(-91).
4
Let z(m) = 9*m**2 - 1576*m - 2898. Determine z(177).
111
Let k(a) = -4*a**2 - 315*a - 1471. Give k(-25).
3904
Let a(l) = -242*l + 13490. Give a(56).
-62
Let x(d) = -6*d**2 - 67561*d - 135116. Determine x(-2).
-18
Let p(r) = 16*r**2 - 25*r - 369. Determine p(-4).
-13
Let n(v) = -52*v**2 + 5284*v - 3286. Calculate n(101).
-54
Let x(r) = 189*r - 12089. Give x(64).
7
Let h(a) = -4065*a - 12265. Give h(-3).
-70
Let q(c) = -14*c**3 + 48*c**2 - 28*c - 34. Determine q(-5).
3056
Let x(g) = -31*g**3 + 2573*g**2 + 117*g - 9729. What is x(83)?
-18
Let q(m) = 79*m**2 + 508*m - 298. Determine q(-7).
17
Let i(h) = -h**3 + 47*h**2 + 322*h - 333. Calculate i(-6).
-357
Let a(x) = -94*x + 2699. Calculate a(24).
443
Let y(p) = -101*p + 18619. Determine y(184).
35
Let f(j) = 3521*j - 112621. What is f(32)?
51
Let v(x) = -463*x**3 + 3*x**2 - 15*x + 10. Determine v(1).
-465
Let a(w) = -5*w**2 + 751*w - 845. Calculate a(149).
49
Let f(s) = 35218*s**2 - 563492*s + 10. Determine f(16).
-54
Let h(r) = 20*r**2 + 4198*r + 8381. Determine h(-2).
65
Let l(w) = 33067*w + 628627. Determine l(-19).
354
Let v(c) = -1140*c - 36764. Give v(-32).
-284
Let v(n) = n**2 + 28*n - 12800. Give v(91).
-1971
Let x(t) = t**3 + 259*t**2 + 1533*t + 4212. Calculate x(-253).
417
Let d(i) = i**2 + 7218*i + 1046360. Give d(-148).
0
Let u(i) = 186*i**2 + 1441*i + 462. Determine u(-7).
-511
Let n(l) = -l**2 + 1292*l - 296926. Determine n(299).
-19
Let m(a) = 7*a**2 + 318*a + 370. Calculate m(-43).
-361
Let o(a) = a**3 - 145*a**2 - 1545*a - 844. Give o(155).
-69
Let s(j) = -440*j + 42520. What is s(101)?
-1920
Let t(f) = -21693*f - 151812. Determine t(-7).
39
Let b(g) = -692*g - 207010. Give b(-299).
-102
Let j(x) = 95*x**3 + 299*x**2 + 603*x - 1. What is j(-2)?
-771
Let l(i) = -216*i - 8128. What is l(-35)?
-568
Let b(v) = 2033*v + 928. Calculate b(-1).
-1105
Let p(x) = 15*x**2 - 104*x - 507. What is p(11)?
164
Let w(n) = 142*n + 2178. Calculate w(-11).
616
Let s(q) = q**2 + 12341*q - 37029. Give s(3).
3
Let z(w) = -82